{"id":8384,"date":"2023-09-15T12:42:54","date_gmt":"2023-09-15T17:42:54","guid":{"rendered":"https:\/\/lacortineria.com.co\/?post_type=product&#038;p=8384"},"modified":"2026-01-10T10:38:54","modified_gmt":"2026-01-10T15:38:54","slug":"pelicula-3m-prestige-70","status":"publish","type":"product","link":"https:\/\/lacortineria.com.co\/index.php\/product\/pelicula-3m-prestige-70\/","title":{"rendered":"Pel\u00edcula 3M Prestige 70"},"content":{"rendered":"<h3><strong>Deja entrar la luz. No el calor.<\/strong><\/h3>\n<h5>Comodidad y calidad superiores con la Pel\u00edcula arquitect\u00f3nica de Control Solar 3M para ventanas, serie Prestige.<\/h5>\n<p>Las pel\u00edclas 3M de la serie Prestige rechazan hasta el 97% de la luz infrarroja que proviene del sol y produce calor, y hasta el 60% del calor que atraviesa las ventanas.<\/p>\n<p>Estas pel\u00edcula permite que entre el 70% de la luz visible (VTL) ingrese a sus casa y oficina. Estas pel\u00edculas son casi transparentes, as\u00ed que afectan muy poco o nada el aspecto de tu casa u oficina.<\/p>\n<p>Las pel\u00edculas 3M Prestige no contienen metal. Esto significa que no sufrir\u00e1n corrosi\u00f3n con el paso del tiempo, ni interferir\u00e1n con las se\u00f1ales inal\u00e1mbricas y de celular de las qie dependen los ocupantes a diario.<\/p>\n<p>&nbsp;<\/p>\n<h4>Prestige 70:<\/h4>\n<ul>\n<li>Transmisi\u00f3n de luz visible (VTL): 69%.<\/li>\n<li>Reflejo de la luz visible exterior: 9%.<\/li>\n<li>Reflejo de la luz visible interior: 9%.<\/li>\n<li>Total energ\u00eda solar reducida: 50%.<\/li>\n<li>Reducci\u00f3n de resplandor: 22%.<\/li>\n<li>Reducci\u00f3n de la perdida de calor: 3%.<\/li>\n<li>Reducci\u00f3n de ganancia de calor: 38%.<\/li>\n<li>Garant\u00eda: 15 a\u00f1os.<\/li>\n<\/ul>\n<p>&nbsp;<\/p>\n","protected":false},"excerpt":{"rendered":"<h3><strong>Deja entrar la luz. No el calor.<\/strong><\/h3>\n<p>Comodidad y calidad superiores con la Pel\u00edcula arquitect\u00f3nica de Control Solar 3M para ventanas, serie Prestige.<\/p>\n<p><em>(Valor referencial por metro cuadrado. Valor final seg\u00fan despiece de material. Env\u00edos a nivel nacional e instalaci\u00f3n gratuita de acuerdo a cobertura)<\/em><\/p>\n","protected":false},"featured_media":8382,"comment_status":"open","ping_status":"closed","template":"","meta":[],"product_brand":[],"product_cat":[101,98],"product_tag":[],"class_list":{"0":"post-8384","1":"product","2":"type-product","3":"status-publish","4":"has-post-thumbnail","6":"product_cat-peliculas-de-proteccion-solar","7":"product_cat-peliculas-para-ventanas","8":"styler_product_brands-3m","9":"nt-post-class","10":"","16":"first","17":"instock","18":"taxable","19":"shipping-taxable","20":"purchasable","21":"product-type-simple"},"jetpack_sharing_enabled":true,"_links":{"self":[{"href":"https:\/\/lacortineria.com.co\/index.php\/wp-json\/wp\/v2\/product\/8384","targetHints":{"allow":["GET"]}}],"collection":[{"href":"https:\/\/lacortineria.com.co\/index.php\/wp-json\/wp\/v2\/product"}],"about":[{"href":"https:\/\/lacortineria.com.co\/index.php\/wp-json\/wp\/v2\/types\/product"}],"replies":[{"embeddable":true,"href":"https:\/\/lacortineria.com.co\/index.php\/wp-json\/wp\/v2\/comments?post=8384"}],"version-history":[{"count":7,"href":"https:\/\/lacortineria.com.co\/index.php\/wp-json\/wp\/v2\/product\/8384\/revisions"}],"predecessor-version":[{"id":9284,"href":"https:\/\/lacortineria.com.co\/index.php\/wp-json\/wp\/v2\/product\/8384\/revisions\/9284"}],"wp:featuredmedia":[{"embeddable":true,"href":"https:\/\/lacortineria.com.co\/index.php\/wp-json\/wp\/v2\/media\/8382"}],"wp:attachment":[{"href":"https:\/\/lacortineria.com.co\/index.php\/wp-json\/wp\/v2\/media?parent=8384"}],"wp:term":[{"taxonomy":"product_brand","embeddable":true,"href":"https:\/\/lacortineria.com.co\/index.php\/wp-json\/wp\/v2\/product_brand?post=8384"},{"taxonomy":"product_cat","embeddable":true,"href":"https:\/\/lacortineria.com.co\/index.php\/wp-json\/wp\/v2\/product_cat?post=8384"},{"taxonomy":"product_tag","embeddable":true,"href":"https:\/\/lacortineria.com.co\/index.php\/wp-json\/wp\/v2\/product_tag?post=8384"}],"curies":[{"name":"wp","href":"https:\/\/api.w.org\/{rel}","templated":true}]}}